3, 5, 11, 37
Let o be -1*3 - 23985/(-15). Let y = o + -797. What are the prime factors of y?
17, 47
Suppose 0 = -4*r + 2*u + 27192, 23*u - 20*u = -4*r + 27172. What are the prime factors of r?
2, 1699
Let q(d) = -37*d + 2. Let s(f) = -f**2 + 36*f - 6. Let t(u) = -6*q(u) - 5*s(u). List the prime factors of t(-13).
317
Let p(q) = q**2 - 3*q - 7. Let v be p(5). Suppose 9 - 9 = -v*l. Suppose a + a - 4*u - 202 = l, -3*a - 3*u + 321 = 0. What are the prime factors of a?
3, 5, 7
Suppose 6*c = 3*c + 6. Suppose -7*h = -8*h - c. What are the prime factors of (-66)/44*72/h?
2, 3
List the prime factors of 34721 - (3 + (0 - -19)).
7, 4957
Let z be 422/6 - (-3 - (-21)/9). Let f(b) = -149 + z + 77 + 23*b. List the prime factors of f(4).
7, 13
Let g be (-4)/(-6) - (-2875)/3. Suppose -2*r = 3*t + 28 - 57, 3 = 3*t. Suppose -9*f + g = -r. List the prime factors of f.
2, 3
Suppose 11*a - 2275 = 915. Let r = a + 266. What are the prime factors of r?
2, 139
Let m = 18114 - 8618. What are the prime factors of m?
2, 1187
Suppose 3*b + 3*d = 2*d - 48, 0 = d - 3. List the prime factors of ((-67)/2)/((153/216)/b).
2, 3, 67
Suppose 0*j - 7*j + 91 = 0. Suppose 35*d = j*d + 3718. List the prime factors of d.
13
Suppose -2*h = 2*h. Let v be (-3 - 0)/(h - 1). Suppose 3*b = -v*b + 288. What are the prime factors of b?
2, 3
Suppose 4*o - z - 11984 = -2568, 3*z = 0. What are the prime factors of o?
2, 11, 107
Suppose -28*k + 76101 + 29691 = -247176. What are the prime factors of k?
2, 3, 11, 191
Let l(i) = i**3 - 9*i**2 - 4. Let b = 53 - 44. Let m be l(b). List the prime factors of ((-140)/16 + -2)*m.
43
Let s(z) be the first derivative of 12 + 2*z - 21/2*z**2. List the prime factors of s(-2).
2, 11
Let m(y) = 7*y**2 - 8*y - 11. Let g(d) = -8*d**2 + 9*d + 12. Let b(f) = 5*g(f) + 6*m(f). Let h = 125 + -131. What are the prime factors of b(h)?
2, 3, 7
Let x be 1 - 1 - (0 - -120). Let q = 228 + x. Let o = q - 53. List the prime factors of o.
5, 11
Let b be (-388)/(-2) + 0 + 4. Suppose -3 = 5*r - b. Let q = -15 + r. List the prime factors of q.
2, 3
Let z = 23137 - 12169. List the prime factors of z.
2, 3, 457
Suppose 1540 = -2*r + 13*r. Let c = r - -573. List the prime factors of c.
23, 31
Suppose -n + 6364 = -2*b - 2228, -5*n + 43008 = 2*b. What are the prime factors of n?
2, 5, 43
Let l(a) = 5354*a**3 + 2*a**2 - 6*a + 8. List the prime factors of l(1).
2, 3, 19, 47
Let z = 343 + 4044. What are the prime factors of z?
41, 107
Let k(p) = 66*p**2 - 5*p - 5. Let i be k(2). Let j = 442 - i. What are the prime factors of j?
193
Let f(u) = -2*u**3 - 7*u**2 + 8*u - 3. Let k be f(-4). Let j(r) = r**2 + 15*r + 9. What are the prime factors of j(k)?
5, 17
Let i(g) = -g**2 + 15*g - 28. Let w be i(13). Let o be 1 - (0 + (0 - -17)). What are the prime factors of (o/(-12))/(w/(-3)) + 98?
2, 5
Let z = 12 + -8. Suppose 5*n - 4*s = -706, -z*s + 4 - 8 = 0. Let g = n - -209. List the prime factors of g.
67
Let r(y) = -482*y**3. Let i be r(-1). Let p = i - 204. Suppose 5*z + 28 - p = 0. List the prime factors of z.
2, 5
Let v(r) = 2*r**3 - r**2 + 13*r - 9. Let w be v(6). Let k = 873 - w. List the prime factors of k.
2, 3, 17
Let j be 3/2*(12 - 8). Suppose 0 = 5*g - 20, -3*m - 9*g + 1104 = -j*g. List the prime factors of m.
2, 7, 13
Suppose 53*c - 51*c - 1936 = 0. Let d = c - 176. What are the prime factors of d?
2, 3, 11
Let j be (-1)/(120/39 - 3). Let y(c) = -c - 8. Let m be y(j). Suppose 5*i - 17 = -3*w, -2*i - 15 = -m*w + 3. What are the prime factors of w?
2
Suppose -5*y + 70*c - 73*c + 46310 = 0, 4*y - 37048 = 3*c. List the prime factors of y.
2, 11, 421
Let j be (-3)/12*(-24 + 16). Suppose 2 = 3*q - 1, -1758 = -5*h + j*q. What are the prime factors of h?
2, 11
Let x(o) = -6*o**3 + 44*o**2 + 37*o + 41. List the prime factors of x(-13).
2, 3, 19, 59
List the prime factors of (-486)/(-10)*(126 - -19).
3, 29
Let o = -1 - -9. Suppose 2630 = o*g - 322. What are the prime factors of g?
3, 41
Let r = -14 + 25. Suppose -2205 - 3790 = -r*t. List the prime factors of t.
5, 109
Let h = -673 - -690. Suppose 52*j - h*j = 38920. What are the prime factors of j?
2, 139
Suppose 24*t = 61*t - 2168533. List the prime factors of t.
29, 43, 47
Suppose 15*u - 14*u = 8. Let x = u + 197. List the prime factors of x.
5, 41
Let d = 2236 - 1405. Suppose 4263 - d = 44*b. List the prime factors of b.
2, 3, 13
Let f(c) = -2*c**3 + 2 - 5*c**2 - 200*c + 399*c - 200*c + 6. What are the prime factors of f(-6)?
2, 7, 19
Let w = -3876 + 4985. List the prime factors of w.
1109
Let f(v) be the first derivative of 10*v**3/3 + 41*v**2/2 - 4*v + 70. List the prime factors of f(5).
11, 41
Let r(a) be the second derivative of -3*a**5/20 - a**4/12 + 10*a**3/3 + 12*a**2 - 49*a. List the prime factors of r(-7).
2, 3
Suppose 40535 = 6*p + 12311. What are the prime factors of p/(-144)*(-42)/4?
7
Let q(g) = g**2 + 2*g - 43. Let t be q(6). Suppose 1978 + 847 = t*r. List the prime factors of r.
5, 113
Let o = -14605 + 32553. What are the prime factors of o?
2, 7, 641
Suppose 4*u + 1464 = 4*b, b = -b - 4*u + 732. Suppose 2*r = b + 146. Suppose -3*d = -d - r. What are the prime factors of d?
2
Let p be (28/10)/(7553/(-280) - -27). Let l be ((-5)/(-4))/(2/8). Suppose l*v - p = -9*v. List the prime factors of v.
2
List the prime factors of 60*9/18*(-4)/(-12)*127.
2, 5, 127
Let y(u) = -3*u - 7. Let z be 5*((-2)/(-6) + 4/(-3)). Let i be y(z). Let f(r) = -r**3 + 11*r**2 - 3*r - 19. What are the prime factors of f(i)?
149
Suppose 0 = 250*l - 72*l - 23852. What are the prime factors of l?
2, 67
Suppose -2*n - 10 = -7*n. Suppose -n*g = 4*r - 710, 692 = 2*g - r - r. What are the prime factors of g?
349
Suppose -4*y - 190 + 2 = -d, -3*y = 5*d - 1009. Suppose -q + 219 + d = 0. List the prime factors of q.
419
Suppose 0 = 2*z - 9*z + 32*z - 79525. What are the prime factors of z?
3181
Let v(t) be the third derivative of -t**6/120 + 11*t**5/60 - 5*t**4/12 + 5*t**3/2 - 40*t**2. What are the prime factors of v(6)?
3, 5
Let g = 1501 + 1213. List the prime factors of g.
2, 23, 59
Suppose -642 = -4*y + 2*t, y - 2*t - 72 = 87. Let a = y - 29. Let f = -77 + a. List the prime factors of f.
5, 11
Suppose 5*t = 4*u - 14, -9 = -5*u - 7*t + 9*t. List the prime factors of u*(-4)/(-4) + 387.
2, 97
Suppose -5*w - 15 = 0, a - 3*a - 5*w - 5 = 0. Suppose 0 = 4*c + 2*g - 3*g - 4323, 0 = -c + a*g + 1095. List the prime factors of c.
2, 3, 5
Let y(s) be the first derivative of -7*s**3 - 12 - 1/4*s**4 + 21/2*s**2 - 16*s. What are the prime factors of y(-22)?
2, 3
Let w(m) = -2*m - 16. Let i be w(-8). Let c be ((-6)/(-2))/((3 - i)/3). What are the prime factors of 4 - (4 + -55)/c?
3, 7
Let v = 93 + -101. Let k be (v + 8)/(1 - 0/(-2)). List the prime factors of (4 - -112) + k + 1.
3, 13
Suppose -17*c + 3905 = -9695. Suppose -10*n + 2570 = -c. What are the prime factors of n?
337
Suppose -12*s - 4009 = -12889. Suppose -j - 3*z + 212 + s = 0, -2*j = -z - 1925. What are the prime factors of j?
31
Let u = -180 + 176. List the prime factors of ((-15)/20)/(u/256).
2, 3
Suppose x - 67 = 450. Let a = 129 - x. Let p = 578 + a. What are the prime factors of p?
2, 5, 19
Let l = -21330 + 37590. What are the prime factors of l?
2, 3, 5, 271
Let a = -12018 - -21960. What are the prime factors of a?
2, 3, 1657
Let o(g) = 5*g**3 - 53*g**2 - 12*g - 96. Let d(y) = -y**3 + 13*y**2 + 3*y + 24. Let l(p) = -9*d(p) - 2*o(p). What are the prime factors of l(-11)?
3
Let l = 4943 - -377. What are the prime factors of l?
2, 5, 7, 19
Let v(m) = -8*m**2 + 54*m - 18. Let p be v(12). What are the prime factors of ((-14)/(-21))/((-4)/p)?
3, 29
Let y(g) = g**3 + 6*g**2 - g - 4. Let z be y(-6). Suppose 3 = z*l + 7. Let s = 21 + l. What are the prime factors of s?
19
Suppose 0 = y + 5*i - 2*i - 60, 0 = -y + 3*i + 60. Suppose 2*o + 4*o - y = 0. What are the prime factors of (-18)/45 + 274/o?
3
Suppose -3*s + 28 - 99 = -5*w, 4*w - 61 = s. Suppose w*g - 21*g = -1580. List the prime factors of g.
2, 79
Let q = -209 + 212. Let u(g) = 220*g - 62. Let b(c) = 88*c - 25. Let j(t) = -12*b(t) + 5*u(t). List the prime factors of j(q).
2, 61
Suppose 9*c = 14*c - 50. Let l be c/((-3 + 3 + -1)/1). Let z(q) = q**3 + 11*q**2 + 6*q - 8. What are the prime factors of z(l)?
2
Let y(l) be the second derivative of 0 - 7*l**2 - 1/3*l